{"id":244,"date":"2017-07-14T09:09:54","date_gmt":"2017-07-14T09:09:54","guid":{"rendered":"http:\/\/oldprofessionals.ee\/?page_id=244"},"modified":"2017-07-20T07:12:18","modified_gmt":"2017-07-20T07:12:18","slug":"konstantin-patsi-vabaohukool","status":"publish","type":"page","link":"http:\/\/oldprofessionals.ee\/index.php\/projektid\/konstantin-patsi-vabaohukool\/","title":{"rendered":"Konstantin P\u00e4tsi Vaba\u00f5hukool"},"content":{"rendered":"<p>Teostatud siseviimistlust\u00f6\u00f6d<\/p>\n","protected":false},"excerpt":{"rendered":"<p>Teostatud siseviimistlust\u00f6\u00f6d<\/p>\n","protected":false},"author":1,"featured_media":245,"parent":21,"menu_order":0,"comment_status":"closed","ping_status":"closed","template":"","meta":{"ngg_post_thumbnail":0},"_links":{"self":[{"href":"http:\/\/oldprofessionals.ee\/index.php\/wp-json\/wp\/v2\/pages\/244"}],"collection":[{"href":"http:\/\/oldprofessionals.ee\/index.php\/wp-json\/wp\/v2\/pages"}],"about":[{"href":"http:\/\/oldprofessionals.ee\/index.php\/wp-json\/wp\/v2\/types\/page"}],"author":[{"embeddable":true,"href":"http:\/\/oldprofessionals.ee\/index.php\/wp-json\/wp\/v2\/users\/1"}],"replies":[{"embeddable":true,"href":"http:\/\/oldprofessionals.ee\/index.php\/wp-json\/wp\/v2\/comments?post=244"}],"version-history":[{"count":2,"href":"http:\/\/oldprofessionals.ee\/index.php\/wp-json\/wp\/v2\/pages\/244\/revisions"}],"predecessor-version":[{"id":256,"href":"http:\/\/oldprofessionals.ee\/index.php\/wp-json\/wp\/v2\/pages\/244\/revisions\/256"}],"up":[{"embeddable":true,"href":"http:\/\/oldprofessionals.ee\/index.php\/wp-json\/wp\/v2\/pages\/21"}],"wp:featuredmedia":[{"embeddable":true,"href":"http:\/\/oldprofessionals.ee\/index.php\/wp-json\/wp\/v2\/media\/245"}],"wp:attachment":[{"href":"http:\/\/oldprofessionals.ee\/index.php\/wp-json\/wp\/v2\/media?parent=244"}],"curies":[{"name":"wp","href":"https:\/\/api.w.org\/{rel}","templated":true}]}}